 remainder when 18558 is divided by 43?
25
Calculate the remainder when 195965 is divided by 97972.
21
Calculate the remainder when 190 is divided by 5.
0
What is the remainder when 29119 is divided by 24?
7
Calculate the remainder when 6653 is divided by 948.
17
What is the remainder when 85630 is divided by 71?
4
What is the remainder when 21861 is divided by 591?
585
Calculate the remainder when 47671 is divided by 60.
31
Calculate the remainder when 9347 is divided by 51.
14
Calculate the remainder when 34758 is divided by 44.
42
What is the remainder when 227938 is divided by 153?
121
What is the remainder when 41274 is divided by 85?
49
What is the remainder when 110397 is divided by 184?
181
What is the remainder when 1427 is divided by 671?
85
What is the remainder when 40901 is divided by 17?
16
What is the remainder when 14169 is divided by 61?
17
What is the remainder when 33300 is divided by 961?
626
What is the remainder when 204591 is divided by 102291?
9
Calculate the remainder when 16711 is divided by 3337.
26
Calculate the remainder when 1014 is divided by 799.
215
What is the remainder when 26062 is divided by 2605?
12
What is the remainder when 678 is divided by 488?
190
What is the remainder when 7036 is divided by 3?
1
What is the remainder when 417 is divided by 91?
53
What is the remainder when 417069 is divided by 434?
429
What is the remainder when 17409 is divided by 2175?
9
What is the remainder when 300 is divided by 300?
0
Calculate the remainder when 2762 is divided by 352.
298
Calculate the remainder when 941801 is divided by 3400.
1
What is the remainder when 24130 is divided by 7996?
142
What is the remainder when 25988 is divided by 329?
326
What is the remainder when 2369 is divided by 175?
94
What is the remainder when 22679 is divided by 63?
62
What is the remainder when 20608 is divided by 14?
0
What is the remainder when 4108 is divided by 115?
83
Calculate the remainder when 11835603 is divided by 374.
373
Calculate the remainder when 5070 is divided by 82.
68
What is the remainder when 8286 is divided by 32?
30
What is the remainder when 5594 is divided by 2415?
764
What is the remainder when 6315 is divided by 783?
51
What is the remainder when 7197 is divided by 1768?
125
Calculate the remainder when 180966 is divided by 45233.
34
Calculate the remainder when 27624 is divided by 30.
24
What is the remainder when 66791 is divided by 253?
252
What is the remainder when 125915 is divided by 62954?
7
Calculate the remainder when 33066 is divided by 1170.
306
What is the remainder when 4522 is divided by 389?
243
What is the remainder when 7128 is divided by 1047?
846
What is the remainder when 194573 is divided by 13898?
1
What is the remainder when 21455 is divided by 62?
3
Calculate the remainder when 715 is divided by 668.
47
Calculate the remainder when 1720 is divided by 729.
262
Calculate the remainder when 8059 is divided by 895.
4
Calculate the remainder when 21756 is divided by 7236.
48
Calculate the remainder when 11218 is divided by 685.
258
Calculate the remainder when 433505 is divided by 3164.
37
What is the remainder when 1232 is divided by 837?
395
Calculate the remainder when 15756 is divided by 132.
48
Calculate the remainder when 258 is divided by 205.
53
Calculate the remainder when 5296 is divided by 2646.
4
What is the remainder when 10707 is divided by 5135?
437
What is the remainder when 1181 is divided by 115?
31
What is the remainder when 3107 is divided by 137?
93
Calculate the remainder when 12178 is divided by 2422.
68
Calculate the remainder when 510 is divided by 114.
54
What is the remainder when 16725 is divided by 5563?
36
Calculate the remainder when 557123 is divided by 34.
33
What is the remainder when 58 is divided by 32?
26
What is the remainder when 517 is divided by 486?
31
Calculate the remainder when 11032 is divided by 5499.
34
Calculate the remainder when 2007 is divided by 504.
495
Calculate the remainder when 466517 is divided by 46651.
7
What is the remainder when 53935 is divided by 149?
146
Calculate the remainder when 94615 is divided by 57.
52
Calculate the remainder when 3926 is divided by 961.
82
What is the remainder when 3176 is divided by 82?
60
Calculate the remainder when 1293 is divided by 1099.
194
Calculate the remainder when 11240 is divided by 110.
20
What is the remainder when 2316 is divided by 1055?
206
What is the remainder when 1140 is divided by 13?
9
What is the remainder when 869334 is divided by 8?
6
Calculate the remainder when 109800 is divided by 23.
21
What is the remainder when 385890 is divided by 181?
179
Calculate the remainder when 6437 is divided by 2.
1
What is the remainder when 57979 is divided by 3861?
64
Calculate the remainder when 5385 is divided by 122.
17
What is the remainder when 4064 is divided by 3683?
381
Calculate the remainder when 1766 is divided by 296.
286
What is the remainder when 50716 is divided by 207?
1
What is the remainder when 155642 is divided by 167?
165
Calculate the remainder when 165072 is divided by 93.
90
What is the remainder when 6103889 is divided by 585?
584
What is the remainder when 44534 is divided by 15?
14
Calculate the remainder when 701344 is divided by 647.
643
Calculate the remainder when 2925 is divided by 194.
15
Calculate the remainder when 395564 is divided by 492.
488
What is the remainder when 5995 is divided by 146?
9
Calculate the remainder when 5580 is divided by 1726.
402
What is the remainder when 59324 is divided by 59209?
115
What is the remainder when 597 is divided by 74?
5
What is the remainder when 185944 is divided by 861?
829
What is the remainder when 28233 is divided by 3529?
1
Calculate the remainder when 20073 is divided by 206.
91
What is the remainder when 14781 is divided by 86?
75
What is the remainder when 1888030 is divided by 852?
850
Calculate the remainder when 1499089 is divided by 37.
34
Calculate the remainder when 139291 is divided by 1290.
1261
What is the remainder when 4318 is divided by 630?
538
What is the remainder when 17094 is divided by 123?
120
Calculate the remainder when 2887 is divided by 132.
115
What is the remainder when 69503 is divided by 5?
3
What is the remainder when 1870 is divided by 1356?
514
What is the remainder when 677039 is divided by 8570?
9
What is the remainder when 2004 is divided by 176?
68
Calculate the remainder when 397358 is divided by 12818.
0
Calculate the remainder when 37118 is divided by 273.
263
What is the remainder when 165018 is divided by 34?
16
What is the remainder when 411800 is divided by 8074?
26
What is the remainder when 19035 is divided by 19035?
0
Calculate the remainder when 62992 is divided by 460.
432
Calculate the remainder when 8648 is divided by 256.
200
Calculate the remainder when 3505 is divided by 245.
75
Calculate the remainder when 77841 is divided by 28.
1
What is the remainder when 1288 is divided by 596?
96
What is the remainder when 3515 is divided by 825?
215
What is the remainder when 6921 is divided by 1631?
397
What is the remainder when 22042 is divided by 202?
24
What is the remainder when 1968 is divided by 176?
32
What is the remainder when 411058 is divided by 170?
168
What is the remainder when 6528 is divided by 2058?
354
Calculate the remainder when 136972 is divided by 237.
223
Calculate the remainder when 924 is divided by 30.
24
Calculate the remainder when 11485 is divided by 177.
157
Calculate the remainder when 8314 is divided by 489.
1
What is the remainder when 7257 is divided by 906?
9
Calculate the remainder when 22012 is divided by 38.
10
Calculate the remainder when 6297 is divided by 131.
9
What is the remainder when 28396 is divided by 64?
44
Calculate the remainder when 238366 is divided by 5297.
1
Calculate the remainder when 163 is divided by 60.
43
What is the remainder when 1346 is divided by 642?
62
What is the remainder when 7339 is divided by 7240?
99
What is the remainder when 14325 is divided by 29?
28
Calculate the remainder when 218 is divided by 26.
10
Calculate the remainder when 2708 is divided by 2702.
6
What is the remainder when 240 is divided by 3?
0
Calculate the remainder when 587947 is divided by 1183.
1179
What is th